1. Let i be w(-19). Let r(j) = -2*j + 9. What is r(i)?
-5
Let y(f) = f**3 - 7*f**2 + 6*f + 6. Let z(d) = -4*d + d - d + 5 + 3*d. Let s be z(0). Suppose -s*j + 6 = -4*j - q, -3*q - 30 = -5*j. Calculate y(j).
6
Let q(z) = -z - 1. Let w(j) = -8*j - 7. Let k(h) = 5*q(h) - w(h). Let g(c) = -2*c**2 - 57*c - 30. Let f be g(-28). Give k(f).
-4
Let t(g) be the second derivative of -g**4/12 - g**3/6 + 3*g - 8. Suppose 0 = -2*p + p. Suppose -5*c = 5, -3 = -p*n - n + 4*c. Determine t(n).
0
Suppose c - 2*i = 6, 3*c + 0*c - i = 28. Let s(t) = -t. What is s(c)?
-10
Let t(a) = -2*a**3 - 12*a**2 - a - 9. Let x(j) = -j**3 - 6*j**2 - j - 5. Let g(p) = 2*t(p) - 5*x(p). Suppose -2*v - 21 = 2*r - 5*v, -3*r - 21 = -v. Give g(r).
-11
Let q be -4 - (2 + 13/(-2)). Let p(h) be the first derivative of -q*h**2 - 4*h + 5/3*h**3 + 1/4*h**4 - 2. What is p(-5)?
1
Suppose 9 = o - 4*s + 3*s, -2*o + 23 = -3*s. Suppose 0*n = n - o. Let q(w) = 2*w**2 - 3*w**2 + w - 2*w**3 - n*w**3 + 4*w**3. Give q(1).
-2
Let g(o) be the third derivative of -o**5/30 + o**4/4 + o**3/6 + 12*o**2. Give g(5).
-19
Let d(b) = b**2 + b - 1. Let z = 69 - 67. What is d(z)?
5
Let c(y) = -y + 2. Suppose -5*z = -5*v - 30, v + 0*z + 3 = -2*z. Let m(q) = -q - 5. Let d be m(v). Suppose -3*h + 9 = -d*p + p, -2*h = p - 6. Determine c(p).
2
Let l(r) = 53*r**2 - 54*r**2 + 0*r - 5 + 5*r. What is l(7)?
-19
Let v(z) = z**3 + 6*z**2 + 5*z + 1. Let q = 16 - 9. Suppose d + q - 2 = 0. Give v(d).
1
Let z(b) = 3*b - 5. Let x(y) = -y + 2. Let k(r) = 5*x(r) + 2*z(r). What is k(1)?
1
Let d = 5 + -5. Let f(l) = -8*l - 7*l + 15*l + 3 + l**2. Determine f(d).
3
Suppose -3*f = 5*r - 13, -f - r + 2*r = -7. Let q(v) = v**3 + 5*v**2 + 0*v**2 + 3 + 3 + f*v + 0*v. Let t = -17 + 13. Calculate q(t).
-2
Let x(l) = l**2 + 2 + 0*l**2 + 3*l - l**3 + 1 - 5. Suppose -4*g + 20 = -5*a + 3*a, -5 = -g + a. Suppose -g*r = -3*d - 19, 5*d - 30 = -3*r - r. Give x(d).
0
Let r(z) = z**2 - z - 2. Let s be 0 - 0*(-3)/12. What is r(s)?
-2
Let y(z) be the first derivative of 1/120*z**5 - 2/3*z**3 + 0*z**2 + 1/24*z**4 - 2 + 0*z. Let q(t) be the third derivative of y(t). Determine q(5).
6
Let y(b) = 2*b**2 - 5*b + 1. Let a(w) = w**2 + w. Let n = 7 - 13. Let d(u) = n*a(u) - y(u). What is d(-1)?
-8
Let t = 4 + -4. Let g(w) = -w**2 - w - 13. Determine g(t).
-13
Let y(p) be the first derivative of -p**3/3 - p**2 + p + 7. Determine y(4).
-23
Let d(x) = -x - 2. Suppose -b - 2 = -0. Let y(t) = 2. Let j(z) = b*d(z) - 3*y(z). Let q = -2 + 0. Give j(q).
-6
Let l(h) = 2*h + 1. Let z be l(2). Suppose 9 = -z*d + 99. Let b be -9*2/(d/3). Let c(i) = i + 2. What is c(b)?
-1
Let u(b) be the first derivative of -1/6*b**4 + 1/2*b**3 + 1 - b + 0*b**2. Let q(l) be the first derivative of u(l). What is q(3)?
-9
Let u(k) = k**3 - 12*k**2 + k - 10. Let q be u(12). Let c(i) = -1 - 2*i**2 + 6*i + i**q + 0*i**2. Suppose 3*f = -2 - 4, -l = -4*f - 12. Determine c(l).
7
Let g(j) = j + 6. Let v be g(-5). Let y = -9 + 10. Let c(a) = 0*a + y - 7*a**2 + 0 - 2 + a. Determine c(v).
-7
Let m(u) = -u**3 + 5*u**2 + 7*u + 4. Suppose 33 = 3*c + 15. What is m(c)?
10
Let s(q) = 3*q - 15. Let a(f) = -1. Let i(x) = -9*a(x) + s(x). Calculate i(4).
6
Let d(t) = -t + 2. Suppose 4*f = 2 + 34. Suppose f = 4*g - 7. Let z = g + -4. What is d(z)?
2
Let w(r) be the second derivative of -r**8/6720 + r**7/420 - r**6/240 - r**5/30 + r**4/12 + 3*r. Let l(z) be the third derivative of w(z). Calculate l(5).
6
Let w(s) = s**2 + s - 1. Let j(h) = 5*h**2 - 19. Let l(a) = -j(a) + 6*w(a). Let z(c) = -c**2 - 6*c - 12. Let x(r) = 6*l(r) + 7*z(r). What is x(-4)?
2
Let q = -1 + 3. Let k(m) = 0*m - q*m + 3 + m. Give k(5).
-2
Let v = 71 + -74. Let b be (-20)/(-6) - 1/3. Let p(f) = b*f + f - 3*f. Calculate p(v).
-3
Let n(s) be the third derivative of s**4/24 - s**3/2 - 2*s**2. Let d be n(1). Let q(g) = -2*g**3 - 3*g**2. Determine q(d).
4
Let y(j) = 3*j**3 + 8*j**2 - 12*j + 4. Let u(h) = 5*h**3 + 16*h**2 - 23*h + 9. Let x(o) = 4*u(o) - 7*y(o). Give x(7).
1
Let r(y) = -y**3 - 10*y**2 - 7*y + 11. Suppose -9*c = 26 + 55. Give r(c).
-7
Suppose -5*k = -3*y - 3*k + 19, -25 = -3*y + 5*k. Let o(w) = -w - 2. What is o(y)?
-7
Let j(a) be the second derivative of a**3/2 - 2*a**2 + 9*a. Determine j(3).
5
Let m = -11 + 20. Let j = m + -12. Let v(k) = 2 + 3*k - 5*k - 4. Determine v(j).
4
Let l(p) = -p**2 + 2*p + 2. Let b = 7 + 21. Let m = -14 + b. Let j = m + -10. What is l(j)?
-6
Let s(d) be the first derivative of -d**3/3 + 7*d**2/2 - d + 11. What is s(3)?
11
Let r(y) = y - 2*y + 2*y - 1 + 2*y. Give r(-2).
-7
Let y(a) = -a**3 - 5*a**2 - 2*a + 3. Let s be 1 + -2 + -7 + 19. Let j = 7 - s. Calculate y(j).
-5
Let y = 11 - 12. Let v(x) = -6*x**2. Determine v(y).
-6
Let w(r) = -r**3 - 5*r**2 - 4*r - 6. Let i be ((-10)/3)/((-12)/(-18)). Calculate w(i).
14
Suppose 3*a - a = -2. Let j(f) = -4*f**3 - f**2 - f. What is j(a)?
4
Let i = 0 + -1. Let n be 2 + i - (-8 - 0). Suppose -1 = 2*j - n. Let a(o) = o**2 - 4*o + 6. Calculate a(j).
6
Let x(i) = -2*i + 13. Let b(m) = -3*m + 14. Let g(n) = 3*b(n) - 4*x(n). Let j = 5 - 10. Give g(j).
-5
Let v = -2 - 4. Let n be (-8)/3 + (-4)/v. Let u(x) = x**3 + x**2 + 1. Let r(a) = 6*a**3 + 6*a**2 - a + 3. Let d(i) = r(i) - 4*u(i). Determine d(n).
-7
Let q(i) = i**3 + 6. Let j = 5 + -1. Let a be -1 + -1 - (1 - j). Let u be (a/(-1) - -1)*-1. Calculate q(u).
6
Let q(k) = k**2 - 3*k - 3. Let w be q(4). Let n(l) = -l**2. What is n(w)?
-1
Let l(p) = p**2 - 6*p + 4. Let s(c) = -2*c**2 + 11*c - 8. Let t(u) = 5*l(u) + 2*s(u). What is t(7)?
-3
Let x(r) = 3*r**3 - r**2 - r - 1. Let p be (-72)/88 - (-4)/(-22). Give x(p).
-4
Let r(a) = 1 - a**2 + a - 5*a - 2*a - 3. Let l be r(-4). Suppose -l*h - 16 = -2*h. Let d(b) = -3*b - 2. Determine d(h).
10
Let a(v) = v**3 - v**2 + v + 1. Let j(c) = c**3 + 4*c**2 - 6*c - 3. Let i(w) = -4*a(w) - j(w). Let o(h) = -h - 4. Let m be o(-5). Calculate i(m).
-4
Let g be (-4)/6 - (-16)/6. Suppose 3*u + 5 = -g*h, -4*u + 3 = h + 8. Let b(s) = -8*s - 1. Determine b(h).
7
Let x(u) = 6*u - 14*u - 3 + 7*u. Calculate x(-5).
2
Let o = -2 + 4. Let t(z) be the second derivative of -z**5/20 + z**4/4 - z**3/6 + z**2/2 - 39*z. Determine t(o).
3
Let q(c) be the first derivative of -c - c**2 - 3*c - 3 + 2*c. What is q(-4)?
6
Let k(o) = -1 + 0*o**2 + o**2 + 0 - 2*o. Let p(f) be the first derivative of f**3/3 - 2*f**2 + 3*f + 1. Let c be p(2). Determine k(c).
2
Let o(y) = -y + 6. Let j(z) = 3*z + 13. Let a be j(-3). Calculate o(a).
2
Let o(z) = 2*z - 3. Let f(y) = -1. Let r(l) = 5*f(l) - o(l). Suppose -3*g - 4 = -c + 2*g, 20 = 5*c - 4*g. Determine r(c).
-10
Let t(v) be the first derivative of 5*v**3/3 + 2*v**2 + 2*v + 21. Give t(-2).
14
Suppose 5*p - 18 + 48 = 0. Let b(j) = j**3 + 6*j**2 + 3. Determine b(p).
3
Let q = -4 - -3. Let s be ((-1 - 0) + q)/2. Let c(b) = -4*b**2 + 1. Give c(s).
-3
Let v(m) = -m + 2. Let d be v(0). Let r(p) = -p + d + 4 - 7 + 0. Calculate r(4).
-5
Let p(o) be the third derivative of o**5/30 - o**4/24 + o**3/3 - 21*o**2. Calculate p(-2).
12
Let n(i) be the second derivative of -i**3/6 - i**2 + 30*i. Let f be 3 - 1 - (-1 - -1). What is n(f)?
-4
Let l(z) = -z + 6. Let h(b) = -b**3 - 4*b**2 + b + 4. Let r be h(-4). Determine l(r).
6
Suppose 4*m = -9 - 7, -19 = 5*g + m. Let d(p) = -4*p**2 - 17*p - 6. Let y(h) = -2*h**2 - 8*h - 3. Let r(f) = -4*d(f) + 9*y(f). Give r(g).
-9
Let a(w) = 9 - w**2 + 2*w**2 + 0*w**2. Let d(v) = 2*v**3 + 36*v**2 + 33*v - 17. Let s be d(-17). Calculate a(s).
9
Let t(j) = 5*j**3 - 2*j - 1. Suppose 4*r + 2 = 2*r. What is t(r)?
-4
Suppose 26*m + 69 = 3*m. Let o(j) = 0 + 1 + 1 + 2*j**2. Give o(m).
20
Let q(l) be the first derivative of -l**2 + 12*l - 47. Give q(8).
-4
Suppose -12*a = 12 + 12. Let v(c) = -2*c**2 - 2*c - 2. What is v(a)?
-6
Suppose 4*z - 5 = 11. Let v(r) = r. Let y(q) = 2*q + 1. Let l(b) = z*v(b) - 3*y(b). Calculate l(-4).
5
Suppose -2*x + x - 5 = 0. Let i(u) be the first derivative of 3 - 5/2*u**2 - 6*u - 1/3*u**3. Calculate i(x).
-6
Let s(k) = k - 2. Let h(o) = -o - 2. Let y be h(-3). Let x = y + 1. Determine s(x).
0
Let o(x) be the second derivative of -x**5/20 - x**4/12 + x**3/2 - 2*x**2 - 2*x. Suppose v - 15*s = -12*s - 3, -v - 4*s - 3 = 0. Give o(v).
5
Let t(d) = 10*d**2 + d - 1. Let m be -4 + 6 + 3 + 1. Let k be (-12)/(-9)*3/2. Let p be (-4 + k)*(-3)/m. W